 = l. Calculate o(i).
-7
Let u(t) = 19*t - 11. Suppose 0 = 4*r + 16*c - 116, 6*r - 11*r - 5*c = -55. Determine u(r).
84
Let o(n) = -1307*n**2 - 3*n - 1303*n**2 + 2611*n**2 - 7. Give o(5).
3
Suppose -1638*m - 64 = -1630*m. Let p(a) = a**3 + 6*a**2 - 9*a - 11. Calculate p(m).
-67
Let t be 4/2*(6 + 9). Let o = 35 - t. Let w(z) = z**2 - z - 3. Determine w(o).
17
Suppose 3*t = 10*t - 560. Let f be 8 + (-60)/t*8/(-6). Let y(c) = -5 + 11*c - 3*c**2 - c**2 + 3*c**2 - 6. Calculate y(f).
7
Let o(w) be the first derivative of -1/4*w**4 + 5/2*w**2 - 51 - w**3 + 2*w. Suppose 2*n + 4 = n. Determine o(n).
-2
Let w(y) = y**2 - 20*y + 60. Let z = 16522 - 16519. What is w(z)?
9
Let q(t) be the third derivative of t**5/60 - t**4/3 - t**3/3 - 3*t**2. Let c = 132 + -129. Suppose 17 = l + 2*j, 3*l - 5*j + c + 1 = 0. Calculate q(l).
-9
Let t(g) = 4*g + 4. Let c = -503 - -528. Suppose 0 = c*h - 35*h + 20. Calculate t(h).
12
Let d(l) be the third derivative of -1/24*l**4 - 1/10*l**5 - 1/120*l**6 + 2*l**2 + 0*l + 0 - 4/3*l**3. Let v be (9 + 11)/(-5) + -2. What is d(v)?
-2
Let x(n) = 31*n**3 + 23*n + 1. Let c(i) = 61*i**3 + 56*i + 4. Let k(y) = 2*c(y) - 5*x(y). Give k(1).
-33
Let n(t) be the second derivative of t**4/8 + 5*t**3/6 + t**2/2 - t. Let w(o) be the first derivative of n(o). Let z be ((4 - 10) + -1)*40/56. Determine w(z).
-10
Let q be (-7)/(-5) - (-10)/(-25). Let u(h) = 16*h**2 + 18*h - 39*h - 3*h - 4*h**2 + 23*h. What is u(q)?
11
Let n = 10 + -16. Let y(i) be the third derivative of i**5/120 + 5*i**4/24 - 178*i**3/3 - i**2 + 79*i. Let l(v) be the first derivative of y(v). Give l(n).
-1
Let j(z) = 3*z + 28. Let d(a) = -5*a - 29. Let f(w) = -4*d(w) - 5*j(w). What is f(5)?
1
Let i(x) = 425 + 3*x**2 - 4*x**2 - 66 + 25 + 0*x**2 - 14*x. Give i(-28).
-8
Let f(t) = -23*t - 32. Suppose k + 156 = -4*x + 143, 3*k + 25 = -5*x. Give f(x).
14
Let r(n) = 15*n**3 + 3*n**2 + 4*n - 5. Let b = 247 + -234. Let c(o) = 7*o**3 + o**2 + 2*o - 2. Let g(q) = b*c(q) - 6*r(q). What is g(5)?
14
Suppose 0 = 234*x - 225*x + 9. Let z be (9/6 + x)/((-2)/(-8)). Let s(y) = -4*y - 1 + y + 3. Give s(z).
-4
Let o be (-27 - (-4 - 4)) + 7. Let z(u) = u**2 + 6*u - 8. Give z(o).
64
Let c(g) = 4*g. Let h be c(-1). Let w(f) = 7*f + 5. Let u(a) = -3*a - 2. Suppose -2*s + 5*k = 18, 2*s = 3*k + k - 18. Let q(x) = s*u(x) - 4*w(x). Give q(h).
2
Let t = -266281 - -266288. Let h(y) be the second derivative of y**6/720 + y**4/12 + y. Let f(z) be the third derivative of h(z). Give f(t).
7
Suppose -51*b + 36*b = -90. Let g(j) = -j. Let v be g(-2). Let z(l) = -v*l + l + b*l - 3*l. Determine z(4).
8
Let n(a) = -8*a + 39. Let j = 35776 - 35772. What is n(j)?
7
Let h(d) = -d**3 - d**2 - d. Let a(r) be the first derivative of -3*r**2/2 - 35*r - 1. Suppose -10*v - 137 = -27. Let t be a(v). Calculate h(t).
6
Suppose -11*f + 218 = 75. Let q(y) = 37*y + 29 - 36*y - f. Calculate q(-11).
5
Let c be 16/88*242/11. Let y(k) = k**2 - 5*k + 4. What is y(c)?
0
Let c be 34/8 - 20/80. Let q(w) = -3*w + 10. Let g(i) = 7*i - 2. Let m(t) = -4*t + 1. Let j(y) = -3*g(y) - 5*m(y). Let u(n) = 5*j(n) - q(n). Give u(c).
-13
Let b(q) be the first derivative of q**4/4 + 4*q**3/3 - 2*q**2 + 6*q - 15. Suppose -42 - 28 = 14*y. What is b(y)?
1
Let k(c) = 4*c**2 + 17*c + 141. Let n(d) = 3*d**2 + 20*d + 118. Let a(z) = -2*k(z) + 3*n(z). What is a(-23)?
3
Let o(d) be the first derivative of 0*d - 307 + 1/2*d**2. Let w = -2 + 3. What is o(w)?
1
Let w(h) = -h**3 + 3*h**2 - 2*h + 1. Let c be (7 - 13 - -7)*1. Let o be c/3 + (-12)/(-18). What is w(o)?
1
Let q(u) = 3*u + 11. Suppose s - 1078 = -4*v, 0 = 2*v - 4*s - 248 - 282. Let a = -274 + v. Determine q(a).
-4
Suppose -17*k - 74 = -19*k. Let j(i) = -27 - i + 73 - k. Determine j(12).
-3
Let h(w) = -75*w**2 - 62*w**2 + 132*w**2 + 3*w**3 - 2*w**3 + 5. Calculate h(-3).
-67
Let w = 14 - 9. Let c = 11 - w. Let i(d) be the second derivative of -d**4/12 + 2*d**3/3 + 3*d**2/2 + 2327*d. What is i(c)?
-9
Let u(b) = 14*b + 29. Let q(v) = -5*v - 10. Let g = 139 - 136. Let m(w) = g*u(w) + 8*q(w). Give m(-9).
-11
Let k(u) = 2*u + 6. Let f be k(-5). Let s(q) = 148*q**2 + 91*q. Let i(d) = -39*d**2 - 24*d. Let t(p) = 19*i(p) + 5*s(p). Determine t(f).
-12
Let m be 5 - (3 + 3 + -6). Suppose -12*c - m*c + 51 = 0. Suppose b - 3 = 2*d - 0, d = -c. Let i(n) = 2*n**2 - 5*n - 4. Determine i(b).
29
Suppose 282 = -2*g - 5*l + 255, 3*g - 2*l = 7. Let u(h) = -5*h - 16. Calculate u(g).
-11
Let y(d) = -21 - 21*d**3 + 30*d + 47*d**3 - 14*d**2 - 25*d**3. Let c be y(12). Let a(u) = 2*u + 22 - c + 26. Determine a(2).
1
Let l(z) = z**3 + 43*z**2 + 40*z - 86. Let h be l(-42). Let u(j) be the third derivative of 5*j**4/12 + j**3/6 + 25*j**2. Calculate u(h).
-19
Suppose 1450*s - 741*s - 740*s = 0. Let l(h) = -h**3 + h**2 - 2. Determine l(s).
-2
Let r(x) = 24*x**2 + 192*x + 5. Let y(f) = 35*f + 797. Let j be y(-23). Calculate r(j).
5
Let a(o) = 13*o**2 + 114*o - 22. Let n(c) = -3*c**2 - 30*c + 6. Let m(t) = 2*a(t) + 9*n(t). Calculate m(-42).
10
Let n(z) = -291*z - 39. Let p(s) = 241*s + 39. Let c(h) = 5*n(h) + 6*p(h). Give c(4).
3
Let x(b) = 2*b**2 - 12*b. Suppose -2 - 75 - 1 = -13*s. Determine x(s).
0
Let w = 817 + -824. Let a(u) = -13*u**2 + 12*u + 2. Let k(h) = 16*h**2 - 14*h - 2. Let m(i) = w*a(i) - 6*k(i). What is m(2)?
-22
Let l = -831 - -834. Let w(j) = j**2 + j - 6. What is w(l)?
6
Let p(m) = m**3 + 9*m**2 - 2. Let q(w) = w**2 + w + 35. Let l be q(0). Suppose 3*c - l = 55. Suppose -2*n = 2*d + 12, -6*n + c = -2*d - 2*n. Calculate p(d).
-2
Let a = -1595 + 1587. Let v(y) = y**3 + 8*y**2 - 2*y - 14. Determine v(a).
2
Let b(f) be the third derivative of -f**6/360 + 7*f**5/60 + f**4/8 - 47*f**3/3 - 212*f**2. Let j(a) be the first derivative of b(a). Calculate j(11).
36
Let h(g) = 8*g + 1. Suppose -5*t - 3*r + 7 = 0, t - 4*r - 5 = -r. Suppose 2*c - q - 8 = -14, -3*c - t = 2*q. What is h(c)?
-15
Let d(h) be the third derivative of -h**6/6 - h**5/60 + h**4/8 + h**3/3 - 13*h**2 - 38. Determine d(-1).
18
Let w(u) = -3*u**2 - 15*u + 5. Suppose -5*h = 1850 - 110. Let r = h + 343. Determine w(r).
5
Suppose -3*l + 0*h - 52 = 5*h, 4*l = 3*h - 21. Let n be (-18)/l*(0 + -1)/(-1). Let k(u) = -21*u + 0 - n + 19*u + 5. Determine k(6).
-9
Let q(p) = -139*p**2 - 5*p - 5. Let j(b) = -56*b**2 - 2*b - 2. Let k(f) = -8*j(f) + 3*q(f). Determine k(-1).
31
Let f(u) = u + 5 + 6 - u**3 - 4*u + 4*u**2 + 4 + 3*u**2. Calculate f(7).
-6
Let m(j) = j**3 + 9*j**2 - 5*j. Let c(g) = 3*g**2 + 195*g + 183. Let p be c(-64). Determine m(p).
45
Suppose -3*z + 2*r + r = -15, 0 = -5*z + 4*r + 22. Suppose 4*m + z*i - 3*i = 21, -2*m = -5*i - 15. Let w(d) = -d**2 + 3*d + 9. Determine w(m).
-1
Let c(s) = -2*s**3 - 3*s**2 - 4*s - 3. Let l = 102 - 95. Suppose -3*p - 20 = l*p. Calculate c(p).
9
Suppose -2*f - 5 = -3*c, -c + 3*f = 4*f. Suppose -3*a + c = -2*a. Let p(g) = -18*g**3 - 2*g + 1. Give p(a).
-19
Let x be 128/(-6) - (-4)/12. Let o(n) = -2*n**3 + 36*n**2 + 2*n - 15. Let k be o(18). Let c = x + k. Let a(i) = i**3 + i**2 - i + 6. What is a(c)?
6
Let q(m) = -m - 3. Let d be (2/4)/((-3)/(2 - -526)). Let u = d - -92. Calculate q(u).
-7
Let p(l) be the first derivative of -l**7/280 + l**5/120 - 31*l**3 + 293. Let d(b) be the third derivative of p(b). Give d(1).
-2
Let z(u) = -9*u**2 + 6*u - 7. Suppose -141 = -97*v - 44. Calculate z(v).
-10
Let c(d) be the second derivative of 3*d**6/40 - d**5/60 - d**4/12 + 27*d**2 + 2*d - 37. Let h(q) be the first derivative of c(q). Determine h(-1).
-8
Let w(r) be the first derivative of -r - 15 + 5/2*r**2 + 1/3*r**3. Let k = -2 + -2. Determine w(k).
-5
Let s(h) be the first derivative of -h**7/840 + h**6/72 - h**5/60 - h**4/6 + 4*h**3 - 2*h**2 + 12. Let x(z) be the third derivative of s(z). What is x(3)?
8
Let w(j) be the first derivative of j**2 + 2*j + 9/4*j**4 + 1/3*j**3 + 276. What is w(-1)?
-8
Let x(w) = w**2 - 4*w - 2. Suppose -6 = -g - 2. Let l be x(g). Let d(h) be the third derivative of -h**5/60 + h**4/12 + h**3/2 - 6*h**2. What is d(l)?
-5
Let l = -8 + 2. Let j(p) be the first derivative of -29 + 6 - 1306*p**2 + 2*p - 5*p + 1307*p**2. What is j(l)?
-15
Let x(r) = 2239 - 2239 - 11*r**2. Suppose 34*l - 4 + 38 = 0. Give x(l).
-11
Let c(a) = -36*a + 15. Let k be c(-3). Suppose 0 = -5*d - k + 438. Let r = -69 + d. Let i(m) = -m**3 - 6*m**2